{"id":1183,"date":"2026-08-15T09:46:43","date_gmt":"2026-08-15T09:46:43","guid":{"rendered":"https:\/\/neu.baecksteinerhof.com\/der-baecksteinerhof\/"},"modified":"2026-08-29T06:56:24","modified_gmt":"2026-08-29T06:56:24","slug":"la-nostra-filosofia","status":"publish","type":"page","link":"https:\/\/www.baecksteinerhof.com\/it\/la-nostra-filosofia\/","title":{"rendered":"La nostra filosofia"},"content":{"rendered":"<section id=\"bsh-basetext-block_e5dcc529068ea1d20102626d7eb6af66\" class=\"bshBaseText bshBaseText--white alignfull bshBaseText--withImage bshBaseText--imageLeft\" data-bsh-reveal-group data-bsh-reveal-group-delay=\"0.2\">\n    <div class=\"bshBaseText__layout bsh-container\">\n                    <figure class=\"bshBaseText__media\" data-bsh-reveal=\"from-left\" data-bsh-reveal-distance=\"10\">\n                <img width=\"2000\" height=\"1333\" src=\"https:\/\/www.baecksteinerhof.com\/wp-content\/uploads\/2026\/08\/baecksteinerhof_30-2.jpg\" class=\"bshBaseText__image\" alt=\"Seit Generationen ein Familienbetrieb der Familie Verdorfer\" loading=\"lazy\" decoding=\"async\" fetchpriority=\"auto\" srcset=\"https:\/\/www.baecksteinerhof.com\/wp-content\/uploads\/2026\/08\/baecksteinerhof_30-2.jpg 2000w, https:\/\/www.baecksteinerhof.com\/wp-content\/uploads\/2026\/08\/baecksteinerhof_30-2-300x200.jpg 300w, https:\/\/www.baecksteinerhof.com\/wp-content\/uploads\/2026\/08\/baecksteinerhof_30-2-1024x682.jpg 1024w, https:\/\/www.baecksteinerhof.com\/wp-content\/uploads\/2026\/08\/baecksteinerhof_30-2-768x512.jpg 768w, https:\/\/www.baecksteinerhof.com\/wp-content\/uploads\/2026\/08\/baecksteinerhof_30-2-1536x1024.jpg 1536w, https:\/\/www.baecksteinerhof.com\/wp-content\/uploads\/2026\/08\/baecksteinerhof_30-2-1600x1066.jpg 1600w\" sizes=\"auto, (max-width: 2000px) 100vw, 2000px\" \/>            <\/figure>\n        \n        <div class=\"bshBaseText__content\">\n            \n                            <div class=\"bshHeadingLockup\">\n                                            <h2 data-bsh-split>Una storia che continua a vivere<\/h2>\n                                        <h6 class=\"bshSubtitle\" data-bsh-reveal=\"fade-up\" data-bsh-reveal-delay=\"0.14\">Ospitalit\u00e0 per passione<\/h6>                <\/div>\n            \n                            <div class=\"bshBaseText__copy\" data-bsh-reveal=\"fade-up\" data-bsh-reveal-delay=\"0.24\">\n                    <p>Il B\u00e4cksteinerhof \u00e8 stato menzionato per la prima volta gi\u00e0 nel 1277. Nel corso dei secoli molte cose sono cambiate, eppure il maso \u00e8 rimasto fino ad oggi un luogo in cui si vive, si lavora e si coltiva l&#8217;ospitalit\u00e0. <\/p>\n<p>Il maso ereditario storico \u00e8 oggi condotto dalla famiglia Verdorfer, alla tredicesima generazione. Da tre generazioni accogliamo ospiti al B\u00e4cksteinerhof. <\/p>\n<p>Per noi ospitalit\u00e0 significa essere personalmente presenti e disponibili, prestare attenzione ai nostri ospiti e allo stesso tempo lasciare loro la libert\u00e0 che si cerca in vacanza<\/p>\n<p>Il B\u00e4cksteinerhof vuole restare volutamente una piccola struttura: gestita personalmente, con tempo per i nostri ospiti e con l\u2019obiettivo di farli sentire non semplicemente alloggiati, ma davvero benvenuti.<\/p>                <\/div>\n                    <\/div>\n    <\/div>\n<\/section>\n\n\n<section\n    id=\"bsh-img-overlay-block_26934c1dc271a50d0050142132be02d7\"\n    class=\"bshImgOverlay bshImgOverlay--screen alignfull bshImgOverlay--hasContent\"\n    style=\"--bsh-img-overlay-opacity: 0.5;\"\n    aria-label=\"Baecksteinerhof visual\"\n    data-bsh-parallax-section\n>\n    <div\n        class=\"bshImgOverlay__media bshImgOverlay__media--fixed\"\n        style=\"background-image: url(&quot;https:\/\/www.baecksteinerhof.com\/wp-content\/uploads\/2026\/08\/baecksteinerhof_50-1-2400x1400.jpg&quot;);\"        aria-hidden=\"true\"\n        data-bsh-parallax-media\n    >\n                    <img width=\"2400\" height=\"1400\" src=\"https:\/\/www.baecksteinerhof.com\/wp-content\/uploads\/2026\/08\/baecksteinerhof_50-1-2400x1400.jpg\" class=\"bshImgOverlay__image\" alt=\"\" loading=\"lazy\" decoding=\"async\" fetchpriority=\"auto\" \/>            <\/div>\n\n    <div class=\"bshImgOverlay__shade\" aria-hidden=\"true\"><\/div>\n\n            <div class=\"bshImgOverlay__content bsh-container\" data-bsh-reveal-group data-bsh-reveal-group-delay=\"0.16\">\n            <div class=\"bshImgOverlay__lockup\">\n                \n                                    <h2 data-bsh-split>Conservare il passato. Accogliere il nuovo.<\/h2>\n                                            <\/div>\n            <div class=\"bshImgOverlay__copy\" data-bsh-reveal=\"fade-up\" data-bsh-reveal-delay=\"0.28\"><p>La storia del B\u00e4cksteinerhof \u00e8 ancora oggi visibile in molti punti: nelle vecchie mura, nelle strutture plasmate nel tempo e in ambienti particolari come la Meranerstube del 1808.<\/p>\n<p>Per noi conservare non significa lasciare tutto immutato. Vogliamo portare avanti la storia del maso e introdurre nuovi elementi laddove \u00e8 opportuno. <\/p>\n<p>Cos\u00ec la struttura storica e gli ambienti tradizionali si fondono consapevolmente con un\u2019architettura contemporanea, linee essenziali e nuove idee. Questo incontro \u00e8 particolarmente evidente nei due loft ricavati nel fienile storico e nella romantica sala del camino. Nascono cos\u00ec spazi che non nascondono le proprie origini e che, allo stesso tempo, si inseriscono con naturalezza nel presente.  <\/p>\n<\/div>        <\/div>\n    \n    <\/section>\n\n\n<section\n    id=\"bsh-whyus-block_d8779b9c90713c015a50c6cee4bab000\"\n    class=\"bshWhyUs alignfull bshWhyUs--twoItems\"\n    data-bsh-reveal-group\n    data-bsh-reveal-group-delay=\"0.2\"\n    data-bsh-reveal-start=\"top 78%\"\n    data-bsh-reveal-end=\"bottom 8%\"\n    data-bsh-whyus\n>\n    <div class=\"bshWhyUs__grid bsh-container\">\n        <div class=\"bshWhyUs__intro\">\n            \n                            <div class=\"bshHeadingLockup\">\n                                            <h2 data-bsh-split>Dal campo alla vostra tavola<\/h2>\n                                        <h6 class=\"bshSubtitle\" data-bsh-reveal=\"fade-up\" data-bsh-reveal-delay=\"0.12\">La nostra filosofia<\/h6>                <\/div>\n                        <div class=\"bshWhyUs__copy\" data-bsh-reveal=\"fade-up\" data-bsh-reveal-delay=\"0.16\"><p>Intorno alla casa crescono mele, uva e altri frutti che determinano il ritmo del nostro anno e che da generazioni appartengono al maso.<br \/>\nCos\u00ec il legame tra maso e colazione diventa naturalmente percepibile.<\/p><\/div>                    <\/div>\n\n                                                <article\n                    class=\"bshWhyUs__item\"\n                    data-bsh-reveal=\"fade-in\"\n                    data-bsh-reveal-delay=\"0.36\"\n                                    >\n                    \n                    <div class=\"bshWhyUs__itemInner\">\n                        <div class=\"bshWhyUs__face bshWhyUs__front\">\n                            <div class=\"bshWhyUs__icon\" aria-hidden=\"true\"><i data-lucide=\"apple\"><\/i><\/div>\n                            <h5>L&#039;agricoltura per noi non \u00e8 una scenografia<\/h5>                            <p>ma una parte essenziale della nostra quotidianit\u00e0. Ci\u00f2 che cresce nei nostri campi viene in parte lavorato direttamente al maso e arriva come succo, marmellata, frutta secca o frutta fresca fino alla vostra tavola della colazione.<\/p>                        <\/div>\n\n                                            <\/div>\n                <\/article>\n                                                            <article\n                    class=\"bshWhyUs__item\"\n                    data-bsh-reveal=\"fade-in\"\n                    data-bsh-reveal-delay=\"0.44\"\n                                    >\n                    \n                    <div class=\"bshWhyUs__itemInner\">\n                        <div class=\"bshWhyUs__face bshWhyUs__front\">\n                            <div class=\"bshWhyUs__icon\" aria-hidden=\"true\"><i data-lucide=\"sparkles\"><\/i><\/div>\n                            <h5>Chi produce direttamente alimenti<\/h5>                            <p>sviluppa uno sguardo diverso su qualit\u00e0, provenienza e gusto. Proprio questa esigenza ci accompagna quindi non solo in agricoltura, ma anche in tutto ci\u00f2 che serviamo ai nostri ospiti.<\/p>                        <\/div>\n\n                                            <\/div>\n                <\/article>\n                        <\/div>\n<\/section>\n\n\n<section id=\"bsh-basetext-block_8a47db0208bc6cc3b5caca362306efb3\" class=\"bshBaseText bshBaseText--white alignfull bshBaseText--withImage bshBaseText--imageLeft\" data-bsh-reveal-group data-bsh-reveal-group-delay=\"0.2\">\n    <div class=\"bshBaseText__layout bsh-container\">\n                    <figure class=\"bshBaseText__media\" data-bsh-reveal=\"from-left\" data-bsh-reveal-distance=\"10\">\n                <img width=\"1333\" height=\"1400\" src=\"https:\/\/www.baecksteinerhof.com\/wp-content\/uploads\/2026\/08\/baecksteinerhof_6-1333x1400.jpg\" class=\"bshBaseText__image\" alt=\"\" loading=\"lazy\" decoding=\"async\" fetchpriority=\"auto\" \/>            <\/figure>\n        \n        <div class=\"bshBaseText__content\">\n            \n                            <div class=\"bshHeadingLockup\">\n                                            <h2 data-bsh-split>La chiarezza fa per noi la differenza<\/h2>\n                                        <h6 class=\"bshSubtitle\" data-bsh-reveal=\"fade-up\" data-bsh-reveal-delay=\"0.14\">Un luogo speciale<\/h6>                <\/div>\n            \n                            <div class=\"bshBaseText__copy\" data-bsh-reveal=\"fade-up\" data-bsh-reveal-delay=\"0.24\">\n                    <p>Non crediamo che un soggiorno speciale nasca dall&#8217;offrire il pi\u00f9 possibile.<\/p>\n<p>Il B\u00e4cksteinerhof non vuole essere una struttura che offre un po&#8217; di tutto. Vogliamo concentrarci su ci\u00f2 che davvero ci corrisponde: tranquillit\u00e0, ospitalit\u00e0 personale, ambienti particolari, buoni prodotti e la vicinanza alla citt\u00e0, senza dover rinunciare alla natura. <\/p>\n<p>Per questo da noi la qualit\u00e0 viene prima della quantit\u00e0. Nella colazione cos\u00ec come nell&#8217;arredamento delle nostre camere e loft e nel modo in cui sviluppiamo il nostro maso. <\/p>\n<p>Non dobbiamo essere la struttura giusta per tutti. Vogliamo essere un luogo speciale per gli ospiti giusti. Perch\u00e9 \u00e8 proprio questa chiarezza a fare per noi la differenza.  <\/p>                <\/div>\n                    <\/div>\n    <\/div>\n<\/section>\n","protected":false},"excerpt":{"rendered":"","protected":false},"author":2,"featured_media":1101,"parent":0,"menu_order":0,"comment_status":"closed","ping_status":"closed","template":"","meta":{"_acf_changed":false,"inline_featured_image":false,"footnotes":""},"class_list":["post-1183","page","type-page","status-publish","has-post-thumbnail","hentry"],"acf":[],"_links":{"self":[{"href":"https:\/\/www.baecksteinerhof.com\/it\/wp-json\/wp\/v2\/pages\/1183","targetHints":{"allow":["GET"]}}],"collection":[{"href":"https:\/\/www.baecksteinerhof.com\/it\/wp-json\/wp\/v2\/pages"}],"about":[{"href":"https:\/\/www.baecksteinerhof.com\/it\/wp-json\/wp\/v2\/types\/page"}],"author":[{"embeddable":true,"href":"https:\/\/www.baecksteinerhof.com\/it\/wp-json\/wp\/v2\/users\/2"}],"replies":[{"embeddable":true,"href":"https:\/\/www.baecksteinerhof.com\/it\/wp-json\/wp\/v2\/comments?post=1183"}],"version-history":[{"count":9,"href":"https:\/\/www.baecksteinerhof.com\/it\/wp-json\/wp\/v2\/pages\/1183\/revisions"}],"predecessor-version":[{"id":1600,"href":"https:\/\/www.baecksteinerhof.com\/it\/wp-json\/wp\/v2\/pages\/1183\/revisions\/1600"}],"wp:featuredmedia":[{"embeddable":true,"href":"https:\/\/www.baecksteinerhof.com\/it\/wp-json\/wp\/v2\/media\/1101"}],"wp:attachment":[{"href":"https:\/\/www.baecksteinerhof.com\/it\/wp-json\/wp\/v2\/media?parent=1183"}],"curies":[{"name":"wp","href":"https:\/\/api.w.org\/{rel}","templated":true}]}}

<section id="bsh-basetext-block_e5dcc529068ea1d20102626d7eb6af66" class="bshBaseText bshBaseText--white alignfull bshBaseText--withImage bshBaseText--imageLeft" data-bsh-reveal-group data-bsh-reveal-group-delay="0.2">
    <div class="bshBaseText__layout bsh-container">
                    <figure class="bshBaseText__media" data-bsh-reveal="from-left" data-bsh-reveal-distance="10">
                <img width="2000" height="1333" src="https://www.baecksteinerhof.com/wp-content/uploads/2026/08/baecksteinerhof_30-2.jpg" class="bshBaseText__image" alt="Seit Generationen ein Familienbetrieb der Familie Verdorfer" loading="lazy" decoding="async" fetchpriority="auto" srcset="https://www.baecksteinerhof.com/wp-content/uploads/2026/08/baecksteinerhof_30-2.jpg 2000w, https://www.baecksteinerhof.com/wp-content/uploads/2026/08/baecksteinerhof_30-2-300x200.jpg 300w, https://www.baecksteinerhof.com/wp-content/uploads/2026/08/baecksteinerhof_30-2-1024x682.jpg 1024w, https://www.baecksteinerhof.com/wp-content/uploads/2026/08/baecksteinerhof_30-2-768x512.jpg 768w, https://www.baecksteinerhof.com/wp-content/uploads/2026/08/baecksteinerhof_30-2-1536x1024.jpg 1536w, https://www.baecksteinerhof.com/wp-content/uploads/2026/08/baecksteinerhof_30-2-1600x1066.jpg 1600w" sizes="auto, (max-width: 2000px) 100vw, 2000px" />            </figure>
        
        <div class="bshBaseText__content">
            
                            <div class="bshHeadingLockup">
                                            <h2 data-bsh-split>Una storia che continua a vivere</h2>
                                        <h6 class="bshSubtitle" data-bsh-reveal="fade-up" data-bsh-reveal-delay="0.14">Ospitalità per passione</h6>                </div>
            
                            <div class="bshBaseText__copy" data-bsh-reveal="fade-up" data-bsh-reveal-delay="0.24">
                    <p>Il Bäcksteinerhof è stato menzionato per la prima volta già nel 1277. Nel corso dei secoli molte cose sono cambiate, eppure il maso è rimasto fino ad oggi un luogo in cui si vive, si lavora e si coltiva l&#8217;ospitalità. </p>
<p>Il maso ereditario storico è oggi condotto dalla famiglia Verdorfer, alla tredicesima generazione. Da tre generazioni accogliamo ospiti al Bäcksteinerhof. </p>
<p>Per noi ospitalità significa essere personalmente presenti e disponibili, prestare attenzione ai nostri ospiti e allo stesso tempo lasciare loro la libertà che si cerca in vacanza</p>
<p>Il Bäcksteinerhof vuole restare volutamente una piccola struttura: gestita personalmente, con tempo per i nostri ospiti e con l’obiettivo di farli sentire non semplicemente alloggiati, ma davvero benvenuti.</p>                </div>
                    </div>
    </div>
</section>


<section
    id="bsh-img-overlay-block_26934c1dc271a50d0050142132be02d7"
    class="bshImgOverlay bshImgOverlay--screen alignfull bshImgOverlay--hasContent"
    style="--bsh-img-overlay-opacity: 0.5;"
    aria-label="Baecksteinerhof visual"
    data-bsh-parallax-section
>
    <div
        class="bshImgOverlay__media bshImgOverlay__media--fixed"
        style="background-image: url(&quot;https://www.baecksteinerhof.com/wp-content/uploads/2026/08/baecksteinerhof_50-1-2400x1400.jpg&quot;);"        aria-hidden="true"
        data-bsh-parallax-media
    >
                    <img width="2400" height="1400" src="https://www.baecksteinerhof.com/wp-content/uploads/2026/08/baecksteinerhof_50-1-2400x1400.jpg" class="bshImgOverlay__image" alt="" loading="lazy" decoding="async" fetchpriority="auto" />            </div>

    <div class="bshImgOverlay__shade" aria-hidden="true"></div>

            <div class="bshImgOverlay__content bsh-container" data-bsh-reveal-group data-bsh-reveal-group-delay="0.16">
            <div class="bshImgOverlay__lockup">
                
                                    <h2 data-bsh-split>Conservare il passato. Accogliere il nuovo.</h2>
                                            </div>
            <div class="bshImgOverlay__copy" data-bsh-reveal="fade-up" data-bsh-reveal-delay="0.28"><p>La storia del Bäcksteinerhof è ancora oggi visibile in molti punti: nelle vecchie mura, nelle strutture plasmate nel tempo e in ambienti particolari come la Meranerstube del 1808.</p>
<p>Per noi conservare non significa lasciare tutto immutato. Vogliamo portare avanti la storia del maso e introdurre nuovi elementi laddove è opportuno. </p>
<p>Così la struttura storica e gli ambienti tradizionali si fondono consapevolmente con un’architettura contemporanea, linee essenziali e nuove idee. Questo incontro è particolarmente evidente nei due loft ricavati nel fienile storico e nella romantica sala del camino. Nascono così spazi che non nascondono le proprie origini e che, allo stesso tempo, si inseriscono con naturalezza nel presente.  </p>
</div>        </div>
    
    </section>


<section
    id="bsh-whyus-block_d8779b9c90713c015a50c6cee4bab000"
    class="bshWhyUs alignfull bshWhyUs--twoItems"
    data-bsh-reveal-group
    data-bsh-reveal-group-delay="0.2"
    data-bsh-reveal-start="top 78%"
    data-bsh-reveal-end="bottom 8%"
    data-bsh-whyus
>
    <div class="bshWhyUs__grid bsh-container">
        <div class="bshWhyUs__intro">
            
                            <div class="bshHeadingLockup">
                                            <h2 data-bsh-split>Dal campo alla vostra tavola</h2>
                                        <h6 class="bshSubtitle" data-bsh-reveal="fade-up" data-bsh-reveal-delay="0.12">La nostra filosofia</h6>                </div>
                        <div class="bshWhyUs__copy" data-bsh-reveal="fade-up" data-bsh-reveal-delay="0.16"><p>Intorno alla casa crescono mele, uva e altri frutti che determinano il ritmo del nostro anno e che da generazioni appartengono al maso.<br />
Così il legame tra maso e colazione diventa naturalmente percepibile.</p></div>                    </div>

                                                <article
                    class="bshWhyUs__item"
                    data-bsh-reveal="fade-in"
                    data-bsh-reveal-delay="0.36"
                                    >
                    
                    <div class="bshWhyUs__itemInner">
                        <div class="bshWhyUs__face bshWhyUs__front">
                            <div class="bshWhyUs__icon" aria-hidden="true"><i data-lucide="apple"></i></div>
                            <h5>L&#039;agricoltura per noi non è una scenografia</h5>                            <p>ma una parte essenziale della nostra quotidianità. Ciò che cresce nei nostri campi viene in parte lavorato direttamente al maso e arriva come succo, marmellata, frutta secca o frutta fresca fino alla vostra tavola della colazione.</p>                        </div>

                                            </div>
                </article>
                                                            <article
                    class="bshWhyUs__item"
                    data-bsh-reveal="fade-in"
                    data-bsh-reveal-delay="0.44"
                                    >
                    
                    <div class="bshWhyUs__itemInner">
                        <div class="bshWhyUs__face bshWhyUs__front">
                            <div class="bshWhyUs__icon" aria-hidden="true"><i data-lucide="sparkles"></i></div>
                            <h5>Chi produce direttamente alimenti</h5>                            <p>sviluppa uno sguardo diverso su qualità, provenienza e gusto. Proprio questa esigenza ci accompagna quindi non solo in agricoltura, ma anche in tutto ciò che serviamo ai nostri ospiti.</p>                        </div>

                                            </div>
                </article>
                        </div>
</section>


<section id="bsh-basetext-block_8a47db0208bc6cc3b5caca362306efb3" class="bshBaseText bshBaseText--white alignfull bshBaseText--withImage bshBaseText--imageLeft" data-bsh-reveal-group data-bsh-reveal-group-delay="0.2">
    <div class="bshBaseText__layout bsh-container">
                    <figure class="bshBaseText__media" data-bsh-reveal="from-left" data-bsh-reveal-distance="10">
                <img width="1333" height="1400" src="https://www.baecksteinerhof.com/wp-content/uploads/2026/08/baecksteinerhof_6-1333x1400.jpg" class="bshBaseText__image" alt="" loading="lazy" decoding="async" fetchpriority="auto" />            </figure>
        
        <div class="bshBaseText__content">
            
                            <div class="bshHeadingLockup">
                                            <h2 data-bsh-split>La chiarezza fa per noi la differenza</h2>
                                        <h6 class="bshSubtitle" data-bsh-reveal="fade-up" data-bsh-reveal-delay="0.14">Un luogo speciale</h6>                </div>
            
                            <div class="bshBaseText__copy" data-bsh-reveal="fade-up" data-bsh-reveal-delay="0.24">
                    <p>Non crediamo che un soggiorno speciale nasca dall&#8217;offrire il più possibile.</p>
<p>Il Bäcksteinerhof non vuole essere una struttura che offre un po&#8217; di tutto. Vogliamo concentrarci su ciò che davvero ci corrisponde: tranquillità, ospitalità personale, ambienti particolari, buoni prodotti e la vicinanza alla città, senza dover rinunciare alla natura. </p>
<p>Per questo da noi la qualità viene prima della quantità. Nella colazione così come nell&#8217;arredamento delle nostre camere e loft e nel modo in cui sviluppiamo il nostro maso. </p>
<p>Non dobbiamo essere la struttura giusta per tutti. Vogliamo essere un luogo speciale per gli ospiti giusti. Perché è proprio questa chiarezza a fare per noi la differenza.  </p>                </div>
                    </div>
    </div>
</section>
