{"id":1056,"date":"2026-08-20T21:38:41","date_gmt":"2026-08-20T21:38:41","guid":{"rendered":"https:\/\/neu.baecksteinerhof.com\/condizioni-di-prenotazione-e-cancellazione\/"},"modified":"2026-08-25T07:32:53","modified_gmt":"2026-08-25T07:32:53","slug":"condizioni-di-prenotazione-e-cancellazione","status":"publish","type":"page","link":"https:\/\/www.baecksteinerhof.com\/it\/condizioni-di-prenotazione-e-cancellazione\/","title":{"rendered":"Condizioni di prenotazione e cancellazione"},"content":{"rendered":"\n<h2 class=\"wp-block-heading\">Prenotate direttamente e in tutta tranquillit\u00e0<\/h2>\n\n<p class=\"wp-block-paragraph\">Affinch\u00e9 possiate pianificare il vostro soggiorno al B\u00e4cksteinerhof in tutta tranquillit\u00e0, qui trovate tutte le informazioni importanti su prezzi, prenotazione, pagamento, arrivo e partenza, nonch\u00e9 cancellazione.<\/p>\n\n<p class=\"wp-block-paragraph\"><strong>Le seguenti condizioni si applicano esclusivamente alle prenotazioni dirette presso il B\u00e4cksteinerhof<\/strong>, effettuate tramite il nostro sito web, via e-mail, telefono o direttamente da noi.<\/p>\n\n<p class=\"wp-block-paragraph\">Per le prenotazioni tramite portali di prenotazione esterni o altri intermediari, si applicano le condizioni visualizzate e confermate al momento della prenotazione sul rispettivo canale di prenotazione.<\/p>\n\n<hr class=\"wp-block-separator has-alpha-channel-opacity\"\/>\n\n<h2 class=\"wp-block-heading\">Prenota direttamente con garanzia del miglior prezzo<\/h2>\n\n<p class=\"wp-block-paragraph\">Prenotando direttamente al B\u00e4cksteinerhof, beneficiate della nostra <strong>garanzia del miglior prezzo<\/strong>.<\/p>\n\n<p class=\"wp-block-paragraph\">Per lo stesso periodo di soggiorno, la stessa sistemazione e le stesse condizioni di prenotazione, riceverete il miglior prezzo disponibile prenotando direttamente da noi.<\/p>\n\n<p class=\"wp-block-paragraph\">E ancora pi\u00f9 importante: avrete un contatto personale con noi fin dall&#8217;inizio, senza piattaforme di prenotazione intermedie.<\/p>\n\n<hr class=\"wp-block-separator has-alpha-channel-opacity\"\/>\n\n<h2 class=\"wp-block-heading\">Prezzi &amp; tassa di soggiorno<\/h2>\n\n<p class=\"wp-block-paragraph\">I prezzi indicati al momento della prenotazione si intendono per la sistemazione scelta e includono i servizi ivi elencati.<\/p>\n\n<p class=\"wp-block-paragraph\">In aggiunta, verr\u00e0 calcolata la <strong>tassa di soggiorno comunale, attualmente di 2,20 \u20ac a persona per notte<\/strong>, come previsto dalla legge. I bambini e i ragazzi sotto i 14 anni sono esenti dalla tassa di soggiorno. <\/p>\n\n<p class=\"wp-block-paragraph\">La tassa di soggiorno non \u00e8 inclusa nel prezzo dell&#8217;alloggio e viene pagata in loco. Qualora l&#8217;importo della tassa di soggiorno stabilito per legge dovesse cambiare, si applicher\u00e0 l&#8217;importo in vigore al momento del soggiorno. <\/p>\n\n<hr class=\"wp-block-separator has-alpha-channel-opacity\"\/>\n\n<h2 class=\"wp-block-heading\">Incluso nel prezzo<\/h2>\n\n<p class=\"wp-block-paragraph\">Una prenotazione diretta include, tra gli altri, i seguenti servizi:<\/p>\n\n<ul class=\"wp-block-list\">\n<li>colazione servita personalmente<\/li>\n\n\n\n<li>pulizia giornaliera dell&#8217;alloggio<\/li>\n\n\n\n<li>S\u00fcdtirol Guest Pass<\/li>\n\n\n\n<li>parcheggio gratuito in fattoria<\/li>\n\n\n\n<li>deposito biciclette chiudibile a chiave<\/li>\n\n\n\n<li>possibilit\u00e0 di ricarica gratuita per e-bike<\/li>\n\n\n\n<li>10% di sconto sugli ingressi alle Terme Merano<\/li>\n<\/ul>\n\n<hr class=\"wp-block-separator has-alpha-channel-opacity\"\/>\n\n<h2 class=\"wp-block-heading\">Prenotazione &amp; caparra<\/h2>\n\n<p class=\"wp-block-paragraph\">Per la conferma vincolante della vostra prenotazione diretta \u00e8 richiesta una <strong>caparra pari al 25% dell&#8217;importo totale prenotato<\/strong>.<\/p>\n\n<p class=\"wp-block-paragraph\">Riceverete le relative informazioni di pagamento con la conferma della prenotazione.<\/p>\n\n<p class=\"wp-block-paragraph\">Una volta ricevuta la caparra, la vostra prenotazione \u00e8 confermata in modo vincolante.<\/p>\n\n<p class=\"wp-block-paragraph\">Il saldo verr\u00e0 pagato direttamente al B\u00e4cksteinerhof al momento del check-out. In alternativa, l&#8217;intero prezzo del soggiorno pu\u00f2 essere pagato tramite bonifico bancario prima dell&#8217;arrivo. <\/p>\n\n<hr class=\"wp-block-separator has-alpha-channel-opacity\"\/>\n\n<h2 class=\"wp-block-heading\">Cancellazione<\/h2>\n\n<p class=\"wp-block-paragraph\">A volte possono verificarsi imprevisti. Se non potete iniziare il vostro soggiorno come previsto, per le prenotazioni dirette si applicano le seguenti condizioni di cancellazione: <\/p>\n\n<ul class=\"wp-block-list\">\n<li><strong>fino a 31 giorni prima dell&#8217;arrivo:<\/strong> nessun costo di cancellazione aggiuntivo<\/li>\n\n\n\n<li><strong>da 30 a 15 giorni prima dell&#8217;arrivo:<\/strong> 40% dell&#8217;importo totale prenotato<\/li>\n\n\n\n<li><strong>da 14 a 8 giorni prima dell&#8217;arrivo:<\/strong> 60% dell&#8217;importo totale prenotato<\/li>\n\n\n\n<li><strong>da 7 giorni prima dell&#8217;arrivo:<\/strong> 100% dell&#8217;importo totale prenotato<\/li>\n\n\n\n<li><strong>in caso di mancato arrivo o partenza anticipata:<\/strong> 100% dell&#8217;importo totale prenotato<\/li>\n<\/ul>\n\n<p class=\"wp-block-paragraph\">Una caparra gi\u00e0 versata verr\u00e0 compensata con i costi di cancellazione applicabili.<\/p>\n\n<p class=\"wp-block-paragraph\">Vi consigliamo di stipulare un&#8217;assicurazione di <strong>annullamento o interruzione del viaggio<\/strong>, in modo da essere ben coperti anche in caso di eventi imprevisti.<\/p>\n\n<p class=\"wp-block-paragraph\">Per le prenotazioni tramite portali di prenotazione esterni, si applicano esclusivamente le condizioni di cancellazione ivi confermate.<\/p>\n\n<hr class=\"wp-block-separator has-alpha-channel-opacity\"\/>\n\n<h2 class=\"wp-block-heading\">Modifiche a una prenotazione<\/h2>\n\n<p class=\"wp-block-paragraph\">Le modifiche alla data di viaggio, alla durata del soggiorno, al numero di persone o alla sistemazione prenotata sono possibili solo previa disponibilit\u00e0 e conferma da parte del B\u00e4cksteinerhof.<\/p>\n\n<p class=\"wp-block-paragraph\">Una modifica della prenotazione pu\u00f2 comportare un ricalcolo del prezzo del soggiorno.<\/p>\n\n<hr class=\"wp-block-separator has-alpha-channel-opacity\"\/>\n\n<h2 class=\"wp-block-heading\">Arrivo &amp; Partenza<\/h2>\n\n<p class=\"wp-block-paragraph\"><strong>Check-in:<\/strong> dalle 14:00 alle 19:00<br\/><strong>Check-out:<\/strong> entro le 10:00<\/p>\n\n<p class=\"wp-block-paragraph\">Un <strong>late check-in<\/strong> \u00e8 possibile previo accordo e con un supplemento di <strong>15,00 \u20ac<\/strong>.<\/p>\n\n<p class=\"wp-block-paragraph\">Un <strong>late check-out<\/strong> \u00e8 possibile solo previa disponibilit\u00e0 e accordo e comporta un costo di <strong>25,00 \u20ac<\/strong>.<\/p>\n\n<p class=\"wp-block-paragraph\">Vi preghiamo di informarci tempestivamente se desiderate arrivare al di fuori degli orari di check-in regolari.<\/p>\n\n<hr class=\"wp-block-separator has-alpha-channel-opacity\"\/>\n\n<h2 class=\"wp-block-heading\">Animali domestici<\/h2>\n\n<p class=\"wp-block-paragraph\">Gli animali domestici sono ammessi esclusivamente nelle sistemazioni designate e <strong>solo previa richiesta e conferma<\/strong>.<\/p>\n\n<p class=\"wp-block-paragraph\">Per gli animali domestici viene calcolato un prezzo aggiuntivo per notte. Il cibo non \u00e8 incluso. <\/p>\n\n<p class=\"wp-block-paragraph\">Si prega di notare:<\/p>\n\n<ul class=\"wp-block-list\">\n<li>Gli animali domestici non sono ammessi nelle nostre sale colazione.<\/li>\n\n\n\n<li>Gli animali domestici non possono essere portati sulla terrazza della colazione.<\/li>\n\n\n\n<li>Nelle sistemazioni dichiarate adatte agli allergici, gli animali domestici non sono ammessi.<\/li>\n<\/ul>\n\n<p class=\"wp-block-paragraph\">Se gli animali domestici sono ammessi nella sistemazione desiderata \u00e8 indicato nella descrizione della rispettiva sistemazione e nel processo di prenotazione.<\/p>\n\n<hr class=\"wp-block-separator has-alpha-channel-opacity\"\/>\n\n<h2 class=\"wp-block-heading\">Casa per non fumatori<\/h2>\n\n<p class=\"wp-block-paragraph\">Tutti gli interni e le sistemazioni del B\u00e4cksteinerhof sono <strong>aree non fumatori<\/strong>.<\/p>\n\n<p class=\"wp-block-paragraph\">Vi preghiamo di fumare esclusivamente nelle aree esterne designate e di avere riguardo per gli altri ospiti.<\/p>\n\n<hr class=\"wp-block-separator has-alpha-channel-opacity\"\/>\n\n<h2 class=\"wp-block-heading\">Tranquillit\u00e0 &amp; visite esterne<\/h2>\n\n<p class=\"wp-block-paragraph\">I nostri ospiti apprezzano il B\u00e4cksteinerhof in particolare per la sua tranquillit\u00e0 e l&#8217;atmosfera personale.<\/p>\n\n<p class=\"wp-block-paragraph\">Per preservare questa atmosfera per tutti gli ospiti, <strong>le visite esterne non sono ammesse in casa<\/strong>.<\/p>\n\n<hr class=\"wp-block-separator has-alpha-channel-opacity\"\/>\n\n<h2 class=\"wp-block-heading\">Biciclette &amp; E-bike<\/h2>\n\n<p class=\"wp-block-paragraph\">Per le vostre biciclette \u00e8 disponibile un <strong>deposito biciclette chiudibile a chiave con possibilit\u00e0 di ricarica gratuita per e-bike<\/strong>.<\/p>\n\n<p class=\"wp-block-paragraph\">Per motivi di sicurezza, le biciclette e le batterie delle biciclette non possono essere portate nelle camere, nei loft o in altre sistemazioni.<\/p>\n\n<hr class=\"wp-block-separator has-alpha-channel-opacity\"\/>\n\n<h2 class=\"wp-block-heading\">Accessibilit\u00e0<\/h2>\n\n<p class=\"wp-block-paragraph\">Il B\u00e4cksteinerhof <strong>non dispone di ascensore<\/strong> e attualmente <strong>non \u00e8 accessibile ai disabili<\/strong>.<\/p>\n\n<p class=\"wp-block-paragraph\">Si prega di considerare la posizione e il piano della rispettiva sistemazione al momento della prenotazione. Se avete domande sull&#8217;accessibilit\u00e0, saremo lieti di aiutarvi personalmente. <\/p>\n\n<hr class=\"wp-block-separator has-alpha-channel-opacity\"\/>\n\n<h2 class=\"wp-block-heading\">Esigenze alimentari particolari<\/h2>\n\n<p class=\"wp-block-paragraph\">Dato che prepariamo la vostra colazione personalmente, possiamo volentieri tenere conto di esigenze alimentari particolari, intolleranze e allergie alimentari.<\/p>\n\n<p class=\"wp-block-paragraph\">Vi preghiamo di informarci possibilmente <strong>prima del vostro arrivo<\/strong>, in modo da potervi preparare adeguatamente.<\/p>\n\n<p class=\"wp-block-paragraph\">Prodotti senza glutine, alternative senza lattosio o bevande d&#8217;avena possono essere forniti, ad esempio, previa comunicazione.<\/p>\n\n<hr class=\"wp-block-separator has-alpha-channel-opacity\"\/>\n\n<h2 class=\"wp-block-heading\">Servizi aggiuntivi su richiesta<\/h2>\n\n<p class=\"wp-block-paragraph\">Alcuni servizi aggiuntivi possono essere offerti previa disponibilit\u00e0 e, in parte, a pagamento, tra cui:<\/p>\n\n<ul class=\"wp-block-list\">\n<li>Bevande e vini 24 ore su 24 dal nostro Honesty Bar<\/li>\n\n\n\n<li>Colazione il giorno dell&#8217;arrivo su richiesta anticipata<\/li>\n\n\n\n<li>Prenotazione di biglietti d&#8217;ingresso per le Terme Merano<\/li>\n\n\n\n<li>Noleggio di accappatoi e teli da bagno<\/li>\n\n\n\n<li>Pranzo al sacco su richiesta<\/li>\n\n\n\n<li>Late check-in e late check-out<\/li>\n<\/ul>\n\n<p class=\"wp-block-paragraph\">Saremo lieti di comunicarvi in anticipo i prezzi e le condizioni applicabili.<\/p>\n\n<hr class=\"wp-block-separator has-alpha-channel-opacity\"\/>\n\n<h2 class=\"wp-block-heading\">Condizioni di prenotazione vincolanti<\/h2>\n\n<p class=\"wp-block-paragraph\">Per la vostra prenotazione diretta si applicano i prezzi, i servizi e le condizioni di prenotazione, pagamento e cancellazione che vi vengono mostrati e successivamente confermati <strong>al momento della conclusione della prenotazione<\/strong>.<\/p>\n\n<p class=\"wp-block-paragraph\">Per le prenotazioni tramite Booking.com o altri portali di prenotazione esterni e intermediari, si applicano esclusivamente le condizioni concordate tramite il rispettivo canale di prenotazione.<\/p>\n\n<hr class=\"wp-block-separator has-alpha-channel-opacity\"\/>\n\n<h2 class=\"wp-block-heading\">Domande sulla vostra prenotazione?<\/h2>\n\n<p class=\"wp-block-paragraph\">Se avete dubbi su una prenotazione, sulla scelta della camera o sulle nostre condizioni, non esitate a contattarci direttamente.<\/p>\n\n<p class=\"wp-block-paragraph\"><strong>B\u00e4cksteinerhof \u2013 Famiglia Verdorfer<\/strong><br\/>Pflanzensteinstra\u00dfe 42<br\/>39012 Merano (BZ), Alto Adige \u2013 Italia<\/p>\n\n<p class=\"wp-block-paragraph\">Telefono: +39 0473 232648<br\/>E-mail: <a href=\"mailto:info@baecksteinerhof.com\">info@baecksteinerhof.com<\/a><\/p>\n\n<hr class=\"wp-block-separator has-alpha-channel-opacity\"\/>\n\n<p class=\"wp-block-paragraph\"><strong>Aggiornato: agosto 2026<\/strong><\/p>\n","protected":false},"excerpt":{"rendered":"<p>Prenotate direttamente e in tutta tranquillit\u00e0 Affinch\u00e9 possiate pianificare il vostro soggiorno al B\u00e4cksteinerhof in tutta tranquillit\u00e0, qui trovate tutte le informazioni importanti su prezzi, prenotazione, pagamento, arrivo e partenza, nonch\u00e9 cancellazione. Le seguenti condizioni si applicano esclusivamente alle prenotazioni dirette presso il B\u00e4cksteinerhof, effettuate tramite il nostro sito web, via e-mail, telefono o direttamente [&hellip;]<\/p>\n","protected":false},"author":2,"featured_media":0,"parent":0,"menu_order":0,"comment_status":"closed","ping_status":"closed","template":"","meta":{"_acf_changed":false,"inline_featured_image":false,"footnotes":""},"class_list":["post-1056","page","type-page","status-publish","hentry"],"acf":[],"_links":{"self":[{"href":"https:\/\/www.baecksteinerhof.com\/it\/wp-json\/wp\/v2\/pages\/1056","targetHints":{"allow":["GET"]}}],"collection":[{"href":"https:\/\/www.baecksteinerhof.com\/it\/wp-json\/wp\/v2\/pages"}],"about":[{"href":"https:\/\/www.baecksteinerhof.com\/it\/wp-json\/wp\/v2\/types\/page"}],"author":[{"embeddable":true,"href":"https:\/\/www.baecksteinerhof.com\/it\/wp-json\/wp\/v2\/users\/2"}],"replies":[{"embeddable":true,"href":"https:\/\/www.baecksteinerhof.com\/it\/wp-json\/wp\/v2\/comments?post=1056"}],"version-history":[{"count":2,"href":"https:\/\/www.baecksteinerhof.com\/it\/wp-json\/wp\/v2\/pages\/1056\/revisions"}],"predecessor-version":[{"id":1187,"href":"https:\/\/www.baecksteinerhof.com\/it\/wp-json\/wp\/v2\/pages\/1056\/revisions\/1187"}],"wp:attachment":[{"href":"https:\/\/www.baecksteinerhof.com\/it\/wp-json\/wp\/v2\/media?parent=1056"}],"curies":[{"name":"wp","href":"https:\/\/api.w.org\/{rel}","templated":true}]}}

<h2 class="wp-block-heading">Prenotate direttamente e in tutta tranquillità</h2>

<p class="wp-block-paragraph">Affinché possiate pianificare il vostro soggiorno al Bäcksteinerhof in tutta tranquillità, qui trovate tutte le informazioni importanti su prezzi, prenotazione, pagamento, arrivo e partenza, nonché cancellazione.</p>

<p class="wp-block-paragraph"><strong>Le seguenti condizioni si applicano esclusivamente alle prenotazioni dirette presso il Bäcksteinerhof</strong>, effettuate tramite il nostro sito web, via e-mail, telefono o direttamente da noi.</p>

<p class="wp-block-paragraph">Per le prenotazioni tramite portali di prenotazione esterni o altri intermediari, si applicano le condizioni visualizzate e confermate al momento della prenotazione sul rispettivo canale di prenotazione.</p>

<hr class="wp-block-separator has-alpha-channel-opacity"/>

<h2 class="wp-block-heading">Prenota direttamente con garanzia del miglior prezzo</h2>

<p class="wp-block-paragraph">Prenotando direttamente al Bäcksteinerhof, beneficiate della nostra <strong>garanzia del miglior prezzo</strong>.</p>

<p class="wp-block-paragraph">Per lo stesso periodo di soggiorno, la stessa sistemazione e le stesse condizioni di prenotazione, riceverete il miglior prezzo disponibile prenotando direttamente da noi.</p>

<p class="wp-block-paragraph">E ancora più importante: avrete un contatto personale con noi fin dall&#8217;inizio, senza piattaforme di prenotazione intermedie.</p>

<hr class="wp-block-separator has-alpha-channel-opacity"/>

<h2 class="wp-block-heading">Prezzi &amp; tassa di soggiorno</h2>

<p class="wp-block-paragraph">I prezzi indicati al momento della prenotazione si intendono per la sistemazione scelta e includono i servizi ivi elencati.</p>

<p class="wp-block-paragraph">In aggiunta, verrà calcolata la <strong>tassa di soggiorno comunale, attualmente di 2,20 € a persona per notte</strong>, come previsto dalla legge. I bambini e i ragazzi sotto i 14 anni sono esenti dalla tassa di soggiorno. </p>

<p class="wp-block-paragraph">La tassa di soggiorno non è inclusa nel prezzo dell&#8217;alloggio e viene pagata in loco. Qualora l&#8217;importo della tassa di soggiorno stabilito per legge dovesse cambiare, si applicherà l&#8217;importo in vigore al momento del soggiorno. </p>

<hr class="wp-block-separator has-alpha-channel-opacity"/>

<h2 class="wp-block-heading">Incluso nel prezzo</h2>

<p class="wp-block-paragraph">Una prenotazione diretta include, tra gli altri, i seguenti servizi:</p>

<ul class="wp-block-list">
<li>colazione servita personalmente</li>



<li>pulizia giornaliera dell&#8217;alloggio</li>



<li>Südtirol Guest Pass</li>



<li>parcheggio gratuito in fattoria</li>



<li>deposito biciclette chiudibile a chiave</li>



<li>possibilità di ricarica gratuita per e-bike</li>



<li>10% di sconto sugli ingressi alle Terme Merano</li>
</ul>

<hr class="wp-block-separator has-alpha-channel-opacity"/>

<h2 class="wp-block-heading">Prenotazione &amp; caparra</h2>

<p class="wp-block-paragraph">Per la conferma vincolante della vostra prenotazione diretta è richiesta una <strong>caparra pari al 25% dell&#8217;importo totale prenotato</strong>.</p>

<p class="wp-block-paragraph">Riceverete le relative informazioni di pagamento con la conferma della prenotazione.</p>

<p class="wp-block-paragraph">Una volta ricevuta la caparra, la vostra prenotazione è confermata in modo vincolante.</p>

<p class="wp-block-paragraph">Il saldo verrà pagato direttamente al Bäcksteinerhof al momento del check-out. In alternativa, l&#8217;intero prezzo del soggiorno può essere pagato tramite bonifico bancario prima dell&#8217;arrivo. </p>

<hr class="wp-block-separator has-alpha-channel-opacity"/>

<h2 class="wp-block-heading">Cancellazione</h2>

<p class="wp-block-paragraph">A volte possono verificarsi imprevisti. Se non potete iniziare il vostro soggiorno come previsto, per le prenotazioni dirette si applicano le seguenti condizioni di cancellazione: </p>

<ul class="wp-block-list">
<li><strong>fino a 31 giorni prima dell&#8217;arrivo:</strong> nessun costo di cancellazione aggiuntivo</li>



<li><strong>da 30 a 15 giorni prima dell&#8217;arrivo:</strong> 40% dell&#8217;importo totale prenotato</li>



<li><strong>da 14 a 8 giorni prima dell&#8217;arrivo:</strong> 60% dell&#8217;importo totale prenotato</li>



<li><strong>da 7 giorni prima dell&#8217;arrivo:</strong> 100% dell&#8217;importo totale prenotato</li>



<li><strong>in caso di mancato arrivo o partenza anticipata:</strong> 100% dell&#8217;importo totale prenotato</li>
</ul>

<p class="wp-block-paragraph">Una caparra già versata verrà compensata con i costi di cancellazione applicabili.</p>

<p class="wp-block-paragraph">Vi consigliamo di stipulare un&#8217;assicurazione di <strong>annullamento o interruzione del viaggio</strong>, in modo da essere ben coperti anche in caso di eventi imprevisti.</p>

<p class="wp-block-paragraph">Per le prenotazioni tramite portali di prenotazione esterni, si applicano esclusivamente le condizioni di cancellazione ivi confermate.</p>

<hr class="wp-block-separator has-alpha-channel-opacity"/>

<h2 class="wp-block-heading">Modifiche a una prenotazione</h2>

<p class="wp-block-paragraph">Le modifiche alla data di viaggio, alla durata del soggiorno, al numero di persone o alla sistemazione prenotata sono possibili solo previa disponibilità e conferma da parte del Bäcksteinerhof.</p>

<p class="wp-block-paragraph">Una modifica della prenotazione può comportare un ricalcolo del prezzo del soggiorno.</p>

<hr class="wp-block-separator has-alpha-channel-opacity"/>

<h2 class="wp-block-heading">Arrivo &amp; Partenza</h2>

<p class="wp-block-paragraph"><strong>Check-in:</strong> dalle 14:00 alle 19:00<br/><strong>Check-out:</strong> entro le 10:00</p>

<p class="wp-block-paragraph">Un <strong>late check-in</strong> è possibile previo accordo e con un supplemento di <strong>15,00 €</strong>.</p>

<p class="wp-block-paragraph">Un <strong>late check-out</strong> è possibile solo previa disponibilità e accordo e comporta un costo di <strong>25,00 €</strong>.</p>

<p class="wp-block-paragraph">Vi preghiamo di informarci tempestivamente se desiderate arrivare al di fuori degli orari di check-in regolari.</p>

<hr class="wp-block-separator has-alpha-channel-opacity"/>

<h2 class="wp-block-heading">Animali domestici</h2>

<p class="wp-block-paragraph">Gli animali domestici sono ammessi esclusivamente nelle sistemazioni designate e <strong>solo previa richiesta e conferma</strong>.</p>

<p class="wp-block-paragraph">Per gli animali domestici viene calcolato un prezzo aggiuntivo per notte. Il cibo non è incluso. </p>

<p class="wp-block-paragraph">Si prega di notare:</p>

<ul class="wp-block-list">
<li>Gli animali domestici non sono ammessi nelle nostre sale colazione.</li>



<li>Gli animali domestici non possono essere portati sulla terrazza della colazione.</li>



<li>Nelle sistemazioni dichiarate adatte agli allergici, gli animali domestici non sono ammessi.</li>
</ul>

<p class="wp-block-paragraph">Se gli animali domestici sono ammessi nella sistemazione desiderata è indicato nella descrizione della rispettiva sistemazione e nel processo di prenotazione.</p>

<hr class="wp-block-separator has-alpha-channel-opacity"/>

<h2 class="wp-block-heading">Casa per non fumatori</h2>

<p class="wp-block-paragraph">Tutti gli interni e le sistemazioni del Bäcksteinerhof sono <strong>aree non fumatori</strong>.</p>

<p class="wp-block-paragraph">Vi preghiamo di fumare esclusivamente nelle aree esterne designate e di avere riguardo per gli altri ospiti.</p>

<hr class="wp-block-separator has-alpha-channel-opacity"/>

<h2 class="wp-block-heading">Tranquillità &amp; visite esterne</h2>

<p class="wp-block-paragraph">I nostri ospiti apprezzano il Bäcksteinerhof in particolare per la sua tranquillità e l&#8217;atmosfera personale.</p>

<p class="wp-block-paragraph">Per preservare questa atmosfera per tutti gli ospiti, <strong>le visite esterne non sono ammesse in casa</strong>.</p>

<hr class="wp-block-separator has-alpha-channel-opacity"/>

<h2 class="wp-block-heading">Biciclette &amp; E-bike</h2>

<p class="wp-block-paragraph">Per le vostre biciclette è disponibile un <strong>deposito biciclette chiudibile a chiave con possibilità di ricarica gratuita per e-bike</strong>.</p>

<p class="wp-block-paragraph">Per motivi di sicurezza, le biciclette e le batterie delle biciclette non possono essere portate nelle camere, nei loft o in altre sistemazioni.</p>

<hr class="wp-block-separator has-alpha-channel-opacity"/>

<h2 class="wp-block-heading">Accessibilità</h2>

<p class="wp-block-paragraph">Il Bäcksteinerhof <strong>non dispone di ascensore</strong> e attualmente <strong>non è accessibile ai disabili</strong>.</p>

<p class="wp-block-paragraph">Si prega di considerare la posizione e il piano della rispettiva sistemazione al momento della prenotazione. Se avete domande sull&#8217;accessibilità, saremo lieti di aiutarvi personalmente. </p>

<hr class="wp-block-separator has-alpha-channel-opacity"/>

<h2 class="wp-block-heading">Esigenze alimentari particolari</h2>

<p class="wp-block-paragraph">Dato che prepariamo la vostra colazione personalmente, possiamo volentieri tenere conto di esigenze alimentari particolari, intolleranze e allergie alimentari.</p>

<p class="wp-block-paragraph">Vi preghiamo di informarci possibilmente <strong>prima del vostro arrivo</strong>, in modo da potervi preparare adeguatamente.</p>

<p class="wp-block-paragraph">Prodotti senza glutine, alternative senza lattosio o bevande d&#8217;avena possono essere forniti, ad esempio, previa comunicazione.</p>

<hr class="wp-block-separator has-alpha-channel-opacity"/>

<h2 class="wp-block-heading">Servizi aggiuntivi su richiesta</h2>

<p class="wp-block-paragraph">Alcuni servizi aggiuntivi possono essere offerti previa disponibilità e, in parte, a pagamento, tra cui:</p>

<ul class="wp-block-list">
<li>Bevande e vini 24 ore su 24 dal nostro Honesty Bar</li>



<li>Colazione il giorno dell&#8217;arrivo su richiesta anticipata</li>



<li>Prenotazione di biglietti d&#8217;ingresso per le Terme Merano</li>



<li>Noleggio di accappatoi e teli da bagno</li>



<li>Pranzo al sacco su richiesta</li>



<li>Late check-in e late check-out</li>
</ul>

<p class="wp-block-paragraph">Saremo lieti di comunicarvi in anticipo i prezzi e le condizioni applicabili.</p>

<hr class="wp-block-separator has-alpha-channel-opacity"/>

<h2 class="wp-block-heading">Condizioni di prenotazione vincolanti</h2>

<p class="wp-block-paragraph">Per la vostra prenotazione diretta si applicano i prezzi, i servizi e le condizioni di prenotazione, pagamento e cancellazione che vi vengono mostrati e successivamente confermati <strong>al momento della conclusione della prenotazione</strong>.</p>

<p class="wp-block-paragraph">Per le prenotazioni tramite Booking.com o altri portali di prenotazione esterni e intermediari, si applicano esclusivamente le condizioni concordate tramite il rispettivo canale di prenotazione.</p>

<hr class="wp-block-separator has-alpha-channel-opacity"/>

<h2 class="wp-block-heading">Domande sulla vostra prenotazione?</h2>

<p class="wp-block-paragraph">Se avete dubbi su una prenotazione, sulla scelta della camera o sulle nostre condizioni, non esitate a contattarci direttamente.</p>

<p class="wp-block-paragraph"><strong>Bäcksteinerhof – Famiglia Verdorfer</strong><br/>Pflanzensteinstraße 42<br/>39012 Merano (BZ), Alto Adige – Italia</p>

<p class="wp-block-paragraph">Telefono: +39 0473 232648<br/>E-mail: <a href="mailto:info@baecksteinerhof.com">info@baecksteinerhof.com</a></p>

<hr class="wp-block-separator has-alpha-channel-opacity"/>

<p class="wp-block-paragraph"><strong>Aggiornato: agosto 2026</strong></p>

<p>Prenotate direttamente e in tutta tranquillità Affinché possiate pianificare il vostro soggiorno al Bäcksteinerhof in tutta tranquillità, qui trovate tutte le informazioni importanti su prezzi, prenotazione, pagamento, arrivo e partenza, nonché cancellazione. Le seguenti condizioni si applicano esclusivamente alle prenotazioni dirette presso il Bäcksteinerhof, effettuate tramite il nostro sito web, via e-mail, telefono o direttamente [&hellip;]</p>
